 factors of 18087.
3, 6029
List the prime factors of 2567.
17, 151
List the prime factors of 4508.
2, 7, 23
List the prime factors of 27700.
2, 5, 277
What are the prime factors of 5033?
7, 719
List the prime factors of 3103.
29, 107
List the prime factors of 36857.
36857
List the prime factors of 1777.
1777
What are the prime factors of 96776?
2, 12097
What are the prime factors of 21529?
21529
List the prime factors of 648.
2, 3
List the prime factors of 2774.
2, 19, 73
List the prime factors of 1745.
5, 349
What are the prime factors of 119228?
2, 41, 727
What are the prime factors of 4483?
4483
List the prime factors of 587.
587
List the prime factors of 24643.
19, 1297
What are the prime factors of 5925?
3, 5, 79
What are the prime factors of 13842?
2, 3, 769
List the prime factors of 15771.
3, 7, 751
What are the prime factors of 2346?
2, 3, 17, 23
What are the prime factors of 8950?
2, 5, 179
What are the prime factors of 38585?
5, 7717
What are the prime factors of 275?
5, 11
What are the prime factors of 6496?
2, 7, 29
What are the prime factors of 2298?
2, 3, 383
What are the prime factors of 876?
2, 3, 73
List the prime factors of 23931.
3, 2659
List the prime factors of 37994.
2, 11, 157
What are the prime factors of 21773?
21773
What are the prime factors of 162771?
3, 7, 23, 337
List the prime factors of 83.
83
List the prime factors of 60326.
2, 7, 31, 139
What are the prime factors of 8876?
2, 7, 317
List the prime factors of 73964.
2, 11, 41
List the prime factors of 342.
2, 3, 19
What are the prime factors of 2278?
2, 17, 67
List the prime factors of 1401.
3, 467
What are the prime factors of 24016?
2, 19, 79
What are the prime factors of 1257?
3, 419
List the prime factors of 13050.
2, 3, 5, 29
What are the prime factors of 22092?
2, 3, 7, 263
What are the prime factors of 19946?
2, 9973
What are the prime factors of 63686?
2, 7, 4549
What are the prime factors of 1481?
1481
What are the prime factors of 1455?
3, 5, 97
List the prime factors of 2264.
2, 283
What are the prime factors of 85831?
85831
List the prime factors of 1555.
5, 311
What are the prime factors of 569?
569
What are the prime factors of 9288?
2, 3, 43
What are the prime factors of 16382?
2, 8191
What are the prime factors of 737?
11, 67
List the prime factors of 12201.
3, 7, 83
What are the prime factors of 29745?
3, 5, 661
What are the prime factors of 57565?
5, 29, 397
What are the prime factors of 1948?
2, 487
List the prime factors of 13637.
13, 1049
What are the prime factors of 1330?
2, 5, 7, 19
What are the prime factors of 2868?
2, 3, 239
What are the prime factors of 41804?
2, 7, 1493
What are the prime factors of 143046?
2, 3, 883
List the prime factors of 14622.
2, 3, 2437
What are the prime factors of 27605?
5, 5521
List the prime factors of 11839.
11839
List the prime factors of 1050.
2, 3, 5, 7
What are the prime factors of 3120?
2, 3, 5, 13
What are the prime factors of 20306?
2, 11, 13, 71
List the prime factors of 1213.
1213
List the prime factors of 45628.
2, 11, 17, 61
List the prime factors of 39973.
71, 563
List the prime factors of 646.
2, 17, 19
List the prime factors of 18235.
5, 7, 521
What are the prime factors of 1247?
29, 43
What are the prime factors of 37793?
7, 5399
List the prime factors of 853.
853
List the prime factors of 2617.
2617
List the prime factors of 2347.
2347
List the prime factors of 1874.
2, 937
List the prime factors of 5819.
11, 23
What are the prime factors of 946?
2, 11, 43
What are the prime factors of 19759?
19759
List the prime factors of 473.
11, 43
List the prime factors of 31545.
3, 5, 701
What are the prime factors of 17?
17
List the prime factors of 17138.
2, 11, 19, 41
What are the prime factors of 8058?
2, 3, 17, 79
What are the prime factors of 1127?
7, 23
List the prime factors of 86879.
13, 41, 163
What are the prime factors of 2129?
2129
List the prime factors of 15002.
2, 13, 577
What are the prime factors of 740?
2, 5, 37
What are the prime factors of 27365?
5, 13, 421
What are the prime factors of 1116?
2, 3, 31
List the prime factors of 1024.
2
List the prime factors of 35144.
2, 23, 191
List the prime factors of 14555.
5, 41, 71
What are the prime factors of 1365?
3, 5, 7, 13
List the prime factors of 63715.
5, 12743
What are the prime factors of 68817?
3, 7, 29, 113
What are the prime factors of 2823?
3, 941
List the prime factors of 2463.
3, 821
What are the prime factors of 13779?
3, 1531
What are the prime factors of 676?
2, 13
What are the prime factors of 2997?
3, 37
List the prime factors of 69643.
7, 9949
List the prime factors of 203.
7, 29
What are the prime factors of 28877?
67, 431
List the prime factors of 732.
2, 3, 61
List the prime factors of 1882.
2, 941
List the prime factors of 16944.
2, 3, 353
What are the prime factors of 3133?
13, 241
What are the prime factors of 2162?
2, 23, 47
List the prime factors of 76430.
2, 5, 7643
List the prime factors of 17483.
17483
What are the prime factors of 9272?
2, 19, 61
What are the prime factors of 459?
3, 17
What are the prime factors of 87709?
139, 631
List the prime factors of 16243.
37, 439
What are the prime factors of 9497?
9497
What are the prime factors of 20996?
2, 29, 181
What are the prime factors of 149?
149
What are the prime factors of 3893?
17, 229
What are the prime factors of 37747?
37747
What are the prime factors of 31368?
2, 3, 1307
List the prime factors of 46299.
3, 11, 23, 61
What are the prime factors of 395?
5, 79
What are the prime factors of 982?
2, 491
List the prime factors of 1067.
11, 97
List the prime factors of 168.
2, 3, 7
List the prime factors of 15511.
15511
What are the prime factors of 119043?
3, 4409
List the prime factors of 1200.
2, 3, 5
What are the prime factors of 642?
2, 3, 107
What are the prime factors of 739?
739
What are the prime factors of 2859?
3, 953
List the prime factors of 1605.
3, 5, 107
What are the prime factors of 89340?
2, 3, 5, 1489
List the prime factors of 1609.
1609
List the prime factors of 60668.
2, 29, 523
List the prime factors of 911.
911
List the prime factors of 59869.
19, 23, 137
List the prime factors of 156051.
3, 7, 2477
List the prime factors of 45210.
2, 3, 5, 11, 137
List the prime factors of 24627.
3, 8209
What are the prime factors of 7766?
2, 11, 353
List the prime factors of 30116.
2, 7529
List the prime factors of 1328.
2, 83
What are the prime factors of 19397?
7, 17, 163
What are the prime factors of 1712?
2, 107
What are the prime factors of 37?
37
What are the prime factors of 189?
3, 7
What are the prime factors of 10950?
2, 3, 5, 73
List the prime factors of 6187.
23, 269
What are the prime factors of 16968?
2, 3, 7, 101
What are the prime factors of 1416?
2, 3, 59
List the prime factors of 773.
773
What are the prime factors of 4728?
2, 3, 197
List the prime factors of 16052.
2, 4013
What are the prime factors of 100907?
100907
List the prime factors of 2453.
11, 223
What are the prime factors of 27343?
37, 739
List the prime factors of 10388.
2, 7, 53
List the prime factors of 78339.
3, 26113
List the prime factors of 1345.
5, 269
List the prime factors of 10341.
3, 383
What are the prime factors of 2203?
2203
List the prime factors of 2066.
2, 1033
List the prime factors of 12032.
2, 47
List the prime factors of 832.
2, 13
What are the prime factors of 9148?
2, 2287
List the prime factors of 30527.
7, 89
What are the prime factors of 964?
2, 241
What are the prime factors of 11653?
43, 271
What are the prime factors of 1389?
3, 463
List the prime factors of 17127.
3, 11, 173
List the prime factors of 1486.
2, 743
List the prime factors of 8906.
2, 61, 73
List the prime factors of 1737.
3, 193
What are the prime factors of 695?
5, 139
What are the prime factors of 44548?
2, 7, 37, 43
List the prime factors of 3283.
7, 67
List the prime factors of 44.
2, 11
List the prime factors of 10727.
17, 631
What are the prime factors of 26832?
2, 3, 13, 43
List the prime factors of 10051.
19, 23
What are the prime factors of 100032?
2, 3, 521
List the prime factors of 4175.
5, 167
What are the prime factors of 6708?
2, 3, 13, 43
List the prime factors of 3074.
2, 29, 53
What are the prime factors of 1340?
2, 5, 67
List the prime factors of 767